6?
-1043
55887 (base 9) to base 2
1001000100111001
3d6 (base 14) to base 3
1001202
What is 278 (base 15) in base 8?
1063
What is 120210 (base 4) in base 13?
93c
Convert -201033 (base 4) to base 6.
-13503
What is 30614 (base 10) in base 11?
21001
12214 (base 6) to base 9
2431
What is 457 (base 11) in base 13?
330
What is -104322 (base 5) in base 11?
-2875
11530 (base 7) to base 4
233002
3729 (base 11) to base 14
1abd
33233 (base 4) to base 10
1007
-6a4 (base 11) to base 16
-348
What is -1dd (base 15) in base 12?
-301
What is 3442 (base 6) in base 14?
426
What is -7842 (base 15) in base 4?
-12032033
What is 111202110 (base 3) in base 13?
4746
Convert 11001111010 (base 2) to base 14.
866
Convert -1151 (base 16) to base 2.
-1000101010001
What is 6409 (base 10) in base 2?
1100100001001
Convert 343443 (base 5) to base 6.
133141
Convert 3a6a (base 13) to base 12.
4a15
Convert 45310 (base 7) to base 14.
4277
Convert -128 (base 10) to base 6.
-332
What is -50305 (base 6) in base 10?
-6593
Convert -654 (base 16) to base 13.
-978
Convert 483 (base 15) to base 2.
1111111111
Convert -1133011 (base 4) to base 6.
-44101
-1380 (base 11) to base 12
-1046
Convert 1224 (base 5) to base 2.
10111101
What is -1011101222 (base 3) in base 10?
-22895
Convert 169 (base 10) to base 7.
331
1805 (base 16) to base 13
2a50
Convert 4361 (base 8) to base 14.
b97
111011 (base 3) to base 7
1015
Convert -7f1 (base 16) to base 15.
-908
102313 (base 4) to base 6
5331
Convert -24385 (base 9) to base 12.
-9572
-1dc (base 14) to base 6
-1450
What is 200021101 (base 3) in base 6?
141401
-5518 (base 14) to base 4
-3212002
1000100101 (base 2) to base 11
45a
Convert -1266 (base 9) to base 12.
-673
What is -9302 (base 11) in base 14?
-46da
Convert 252263 (base 7) to base 2.
1011010101110000
-16558 (base 10) to base 9
-24637
Convert 20111310 (base 4) to base 8.
102564
What is -23463 (base 7) in base 4?
-1132320
2233 (base 5) to base 3
102210
Convert 10001011010100 (base 2) to base 11.
6776
-211202 (base 3) to base 7
-1535
1858 (base 10) to base 3
2112211
Convert -489 (base 11) to base 6.
-2405
What is 162631 (base 7) in base 12?
16787
Convert -e21 (base 16) to base 14.
-1465
What is -10200211 (base 3) in base 15?
-bea
Convert -441 (base 11) to base 3.
-201121
What is -7cc (base 16) in base 11?
-1555
What is 16e9 (base 15) in base 4?
1031100
Convert -1a1 (base 13) to base 7.
-606
-2134 (base 9) to base 7
-4402
What is 25231 (base 6) in base 16?
eb3
-699 (base 10) to base 7
-2016
What is 1010101 (base 2) in base 10?
85
133203 (base 7) to base 16
6234
-316 (base 9) to base 10
-258
-1100020 (base 3) to base 13
-5a3
What is 561 (base 13) in base 5?
12144
What is -1c8 (base 15) in base 8?
-635
1031 (base 10) to base 16
407
What is 1535 (base 6) in base 7?
1136
-1001010100001 (base 2) to base 12
-2915
203002 (base 4) to base 9
3061
-1027a (base 12) to base 5
-1133433
What is 361 (base 10) in base 14?
1bb
-3050 (base 12) to base 2
-1010001111100
Convert -14425 (base 7) to base 2.
-111110010100
Convert 662 (base 15) to base 7.
4130
What is -14f5 (base 16) in base 12?
-3131
Convert 920 (base 11) to base 14.
595
Convert -a295 (base 13) to base 11.
-15941
What is 3b00 (base 12) in base 13?
3108
Convert 2161 (base 7) to base 14.
3d8
Convert -62 (base 15) to base 10.
-92
-12104 (base 9) to base 11
-60a8
What is 1795 (base 16) in base 8?
13625
What is 5551 (base 9) in base 4?
1000000
Convert 38c (base 14) to base 12.
4b4
-10060 (base 7) to base 9
-3314
Convert 33311 (base 7) to base 4.
2003003
Convert -7422 (base 8) to base 9.
-5256
-312324 (base 5) to base 3
-112011221
What is -38922 (base 11) in base 15?
-11774
What is 23151 (base 10) in base 9?
34673
1226 (base 9) to base 7
2445
What is 418 (base 11) in base 7?
1316
-110031 (base 6) to base 4
-2032003
Convert 141115 (base 6) to base 14.
4b67
Convert 1303 (base 11) to base 9.
2285
What is 1119 (base 10) in base 8?
2137
-3b6b (base 16) to base 5
-441321
506 (base 12) to base 8
1326
Convert -21144 (base 5) to base 16.
-590
What is -4706 (base 11) in base 4?
-1200201
What is 385 (base 16) in base 10?
901
-14645 (base 9) to base 5
-310004
-73e (base 15) to base 4
-121202
132456 (base 7) to base 12
12519
Convert -445 (base 9) to base 15.
-195
What is -291 (base 12) in base 15?
-1b7
What is -830 (base 9) in base 3?
-221000
23710 (base 8) to base 2
10011111001000
Convert 146 (base 7) to base 3.
10002
Convert 28d4 (base 14) to base 16.
1c4a
Convert -15aa1 (base 11) to base 2.
-101100001011001
Convert -20122210 (base 3) to base 8.
-11366
-110140 (base 5) to base 11
-2940
-406 (base 11) to base 5
-3430
Convert -1050313 (base 6) to base 10.
-53253
25a (base 14) to base 4
13120
What is -2630 (base 11) in base 13?
-1732
Convert 2074 (base 12) to base 11.
2732
What is -1ba4b (base 14) in base 6?
-1302551
What is 50525 (base 7) in base 14?
4685
10011001100100 (base 2) to base 8
23144
What is -425 (base 9) in base 7?
-1004
4810 (base 11) to base 13
2b3b
What is -152a9 (base 11) in base 4?
-11102121
Convert 2663 (base 10) to base 11.
2001
Convert -1302 (base 10) to base 2.
-10100010110
Convert 7362 (base 8) to base 3.
12020201
Convert -2238 (base 10) to base 5.
-32423
45ad (base 15) to base 8
34704
Convert -100101100101100 (base 2) to base 13.
-89b4
What is 2514 (base 8) in base 2?
10101001100
What is -8a25 (base 11) in base 5?
-340020
-1100110010 (base 2) to base 15
-398
Convert 272 (base 13) to base 7.
1154
Convert -10100120 (base 3) to base 14.
-c69
Convert -373 (base 16) to base 4.
-31303
What is 5075 (base 14) in base 7?
55205
What is 53200 (base 6) in base 10?
7200
-617 (base 15) to base 2
-10101011100
562 (base 8) to base 3
111201
What is 120210 (base 3) in base 11?
358
Convert -100010111 (base 2) to base 8.
-427
What is 9973 (base 15) in base 5?
2020013
32524 (base 6) to base 5
121031
Convert -c7 (base 16) to base 3.
-21101
-3141 (base 6) to base 15
-324
What is 145d (base 16) in base 9?
7132
20003030 (base 4) to base 10
32972
-784 (base 9) to base 4
-22003
-3956 (base 14) to base 5
-310242
What is -15078 (base 11) in base 12?
-10459
What is 9a (base 14) in base 5?
1021
Convert -aa (base 16) to base 2.
-10101010
Convert -2287 (base 16) to base 7.
-34525
Convert -342143 (base 6) to base 2.
-111000101001111
-1691 (base 12) to base 8
-5215
-1104 (base 7) to base 3
-112200
What is 10210012 (base 3) in base 9?
3705
Convert 2321 (base 13) to base 7.
20240
Convert 2368 (base 9) to base 10.
1763
What is 11010010101 (base 2) in base 6?
11445
Convert -405 (base 7) to base 6.
-533
What is 507 (base 10) in base 11?
421
Convert -536 (base 8) to base 3.
-110222
-3014 (base 5) to base 12
-280
101111000 (base 2) to base 8
570
What is -f9d (base 16) in base 4?
-332131
What is -2b4 (base 16) in base 6?
-3112
-156 (base 15) to base 12
-216
What is -34412 (base 8) in base 14?
-5470
Convert 1107 (base 8) to base 13.
35b
What is 1211 (base 3) in base 15?
34
634 (base 15) to base 10
1399
101110100001 (base 2) to base 14
1129
Convert -1054 (base 6) to base 15.
-11a
166 (base 9) to base 8
215
-302 (base 8) to base 2
-11000010
What is 967 (base 12) in base 3?
1212221
5354 (base 6) to base 4
103012
Convert -13055 (base 10) to base 12.
-767b
-7411 (base 8) to base 14
-158d
16550 (base 9) to base 3
120121200
6a3d (base 15) to base 11
15a48
Convert 1010002 (base 3) to base 14.
420
5267 (base 13) to base 8
26220
What is -33413 (base 7) in base 12?
-4a72
What is -8b58 (base 12) in base 16?
-3c74
Convert 3030310 (base 4) to base 3.
122222111
-732 (base 8) to base 11
-3a1
What is 15488 (base 11) in base 13?
9c5a
What is 2221012 (base 3) in base 7?
6143
2392 (base 11) to base 5
100001
What is 124343 (base 6) in base 14?
41dd
What is -71101 (base 9) in base 15?
-dcad
Convert -4518 (base 11) to base 4.
-1130330
Convert -6223 (base 7) to base 9.
-2874
What is -6650 (base 7) in base 4?
-211103
1661 (base 7) to base 2
1010101000
Convert -128 (base 12) to base 15.
-bb
Convert 1101000110011001 (base 2) to base 12.
27075
Convert 25317 (base 9) to base 14.
62c2
-9533 (base 10) to base 6
-112045
11687 (base 10) to base 5
333222
Convert 1101110010 (base 2) to base 10.
882
44a (base 13) to base 16
2e2
Convert 6560 (base 16) to base 11.
18553
-465b (base 12) to base 15
-24d2
What is 134 (base 6) in base